5) to base 9.
11
-21 (base 6) to base 3
-111
-143 (base 11) to base 13
-cc
Convert 2 (base 11) to base 13.
2
Convert -29 (base 14) to base 11.
-34
What is 11 (base 4) in base 7?
5
Convert 4 (base 6) to base 5.
4
What is -10 (base 3) in base 8?
-3
Convert -214 (base 7) to base 10.
-109
What is 110 (base 2) in base 15?
6
4 (base 12) to base 10
4
5 (base 9) to base 13
5
Convert -b (base 13) to base 3.
-102
-15 (base 6) to base 11
-10
-15 (base 16) to base 4
-111
Convert 131 (base 11) to base 13.
bc
32 (base 6) to base 13
17
69 (base 14) to base 5
333
-130 (base 4) to base 13
-22
What is 12 (base 5) in base 3?
21
What is 10 (base 10) in base 16?
a
-5 (base 12) to base 15
-5
What is 90 (base 12) in base 13?
84
-53 (base 9) to base 13
-39
Convert -3 (base 8) to base 10.
-3
What is -1121 (base 3) in base 4?
-223
Convert -40 (base 5) to base 7.
-26
-1 (base 15) to base 3
-1
What is -4 (base 8) in base 3?
-11
20 (base 12) to base 14
1a
Convert -21 (base 12) to base 10.
-25
Convert -100 (base 3) to base 5.
-14
What is -193 (base 11) in base 6?
-1011
-22 (base 8) to base 5
-33
What is 12 (base 6) in base 14?
8
Convert 313 (base 6) to base 16.
75
-31 (base 10) to base 9
-34
What is -4 (base 16) in base 5?
-4
Convert -20 (base 4) to base 2.
-1000
What is -22 (base 10) in base 14?
-18
What is 16 (base 15) in base 10?
21
-301 (base 5) to base 15
-51
Convert 13 (base 11) to base 7.
20
Convert 0 (base 9) to base 12.
0
What is 311 (base 5) in base 13?
63
What is -c (base 14) in base 10?
-12
What is 60 (base 13) in base 2?
1001110
What is -33 (base 9) in base 8?
-36
-118 (base 9) to base 15
-68
12 (base 9) to base 13
b
Convert 40 (base 16) to base 3.
2101
Convert -77 (base 11) to base 6.
-220
Convert 12 (base 7) to base 10.
9
432 (base 5) to base 12
99
What is -155 (base 10) in base 12?
-10b
4 (base 16) to base 9
4
Convert -5 (base 14) to base 11.
-5
-5 (base 9) to base 10
-5
0 (base 8) to base 4
0
What is -11 (base 3) in base 15?
-4
Convert -11 (base 10) to base 12.
-b
63 (base 14) to base 16
57
-22 (base 3) to base 4
-20
What is -1 (base 12) in base 15?
-1
What is 5c (base 16) in base 14?
68
What is -2 (base 8) in base 16?
-2
What is -27 (base 10) in base 13?
-21
8 (base 15) to base 2
1000
-1 (base 12) to base 2
-1
What is 10 (base 5) in base 7?
5
Convert 135 (base 11) to base 5.
1114
Convert -1 (base 6) to base 9.
-1
What is 3 (base 16) in base 15?
3
-37 (base 10) to base 13
-2b
-10211 (base 3) to base 8
-147
What is -111 (base 2) in base 6?
-11
Convert -bb (base 13) to base 3.
-12201
What is 20 (base 9) in base 2?
10010
What is -2 (base 8) in base 12?
-2
-4 (base 14) to base 2
-100
Convert 23 (base 4) to base 11.
10
What is -4 (base 13) in base 2?
-100
What is 32 (base 15) in base 7?
65
Convert 35 (base 14) to base 2.
101111
Convert -114 (base 12) to base 15.
-aa
340 (base 5) to base 3
10112
Convert -7 (base 9) to base 2.
-111
What is 131 (base 6) in base 9?
61
What is -7 (base 12) in base 13?
-7
2 (base 6) to base 8
2
Convert -55 (base 6) to base 4.
-203
What is 2112 (base 3) in base 11?
62
What is -4 (base 11) in base 10?
-4
-1 (base 4) to base 7
-1
What is -1 (base 16) in base 9?
-1
Convert 13 (base 6) to base 8.
11
11 (base 9) to base 5
20
What is 2 (base 10) in base 9?
2
What is -101000 (base 2) in base 9?
-44
Convert -8 (base 12) to base 5.
-13
-1 (base 2) to base 16
-1
Convert 30 (base 8) to base 5.
44
Convert 1 (base 16) to base 11.
1
What is -5a (base 13) in base 7?
-135
What is 44 (base 5) in base 6?
40
-10 (base 9) to base 8
-11
-1 (base 2) to base 9
-1
1 (base 9) to base 12
1
Convert -3 (base 11) to base 14.
-3
-6 (base 15) to base 8
-6
3 (base 11) to base 9
3
4 (base 16) to base 10
4
5 (base 15) to base 14
5
5 (base 7) to base 11
5
Convert -354 (base 8) to base 11.
-1a5
-4 (base 10) to base 12
-4
Convert 1 (base 15) to base 6.
1
Convert -10100100 (base 2) to base 9.
-202
What is 10100 (base 2) in base 11?
19
Convert -2 (base 15) to base 5.
-2
3 (base 13) to base 10
3
2 (base 12) to base 4
2
What is -4 (base 7) in base 13?
-4
What is 0 (base 7) in base 13?
0
Convert -73 (base 12) to base 13.
-69
What is af (base 16) in base 10?
175
What is -1a (base 11) in base 16?
-15
What is -10111 (base 2) in base 3?
-212
-1 (base 14) to base 7
-1
-a (base 14) to base 15
-a
What is 1a (base 11) in base 12?
19
Convert 2143 (base 5) to base 15.
14d
Convert 5 (base 14) to base 8.
5
What is -101 (base 3) in base 6?
-14
Convert -6 (base 7) to base 8.
-6
What is -40 (base 5) in base 10?
-20
Convert -11 (base 5) to base 2.
-110
What is 1 (base 8) in base 12?
1
What is -10 (base 4) in base 5?
-4
-10 (base 3) to base 5
-3
-100 (base 5) to base 10
-25
What is 37 (base 16) in base 13?
43
What is 3 (base 11) in base 8?
3
25 (base 10) to base 2
11001
10 (base 16) to base 7
22
Convert -10 (base 9) to base 11.
-9
33 (base 13) to base 15
2c
What is 1 (base 4) in base 16?
1
What is 2 (base 12) in base 5?
2
What is -4 (base 13) in base 3?
-11
Convert -3 (base 15) to base 13.
-3
Convert -64 (base 7) to base 2.
-101110
-1110 (base 2) to base 9
-15
What is -5 (base 14) in base 15?
-5
What is -204 (base 8) in base 9?
-156
Convert -66 (base 15) to base 10.
-96
What is 10 (base 6) in base 12?
6
-10010 (base 2) to base 15
-13
Convert -53 (base 6) to base 2.
-100001
What is -11 (base 2) in base 5?
-3
Convert -11 (base 2) to base 8.
-3
Convert -115 (base 8) to base 6.
-205
What is 15 (base 8) in base 6?
21
3b (base 15) to base 16
38
What is -20 (base 5) in base 11?
-a
-227 (base 11) to base 14
-155
What is 6 (base 10) in base 15?
6
24 (base 10) to base 6
40
What is 1 (base 5) in base 15?
1
Convert -50 (base 16) to base 11.
-73
Convert e6 (base 16) to base 13.
149
111101 (base 2) to base 8
75
-180 (base 9) to base 16
-99
Convert 211 (base 3) to base 11.
20
19 (base 14) to base 12
1b
What is 4 (base 9) in base 13?
4
Convert -6 (base 8) to base 6.
-10
6 (base 11) to base 3
20
What is -20 (base 11) in base 16?
-16
What is -45 (base 8) in base 3?
-1101
-46 (base 12) to base 14
-3c
What is 5 (base 16) in base 5?
10
What is -14 (base 8) in base 7?
-15
What is -13 (base 14) in base 9?
-18
Convert -49 (base 11) to base 14.
-3b
What is 9b (base 13) in base 10?
128
533 (base 6) to base 9
243
Convert -18 (base 9) to base 13.
-14
12 (base 3) to base 16
5
What is 1110111 (base 2) in base 8?
167
What is 400 (base 5) in base 8?
144
What is -51 (base 13) in base 16?
-42
Convert -a7 (base 14) to base 8.
-223
-10 (base 5) to base 3
-12
Convert 6 (base 16) to base 9.
6
-411 (base 7) to base 3
-21120
Convert -5 (base 13) to base 4.
-11
-4 (base 5) to base 14
-4
-32 (base 8) to base 15
-1b
What is 6 (base 16) in base 5?
11
-8 (base 12) to base 2
-1000
-3 (base 6) to base 4
-3
2 (base 7) to base 9
2
1a2 (base 11) to base 6
1025
What is -2 (base 6) in base 12?
-2
0 (base 10) to base 4
0
145 (base 12) to base 10
197
Convert -95 (base 16) to base 13.
-b6
What is -6 (base 8) in base 7?
-6
What is 212 (base 7) in base 9?
128
-3002 (base 4) to base 13
-11c
Convert -20 (base 6) to base 9.
-13
What is 110 (base 5) in base 9?
33
What is -1 (base 11) in base 7?
-1
Convert -3 (base 9) to base 6.
-3
What is -4 (base 11) in base 10?
-4
Convert 1 (base 4) to base 3.
1
-3 (base 5) to base 15
-3
132 (base 4) to base 15
20
Convert -544 (base 8) to base 6.
-1352
-1121 (base 3) to base 9
-47
What is -7 (base 9) in base 3?
-21
211 (base 4) to base 7
52
7 (base 8) to base 3
21
What is 6 (base 15) in base 12?
6
Convert -32 (base 15) to base 4.
-233
Convert -40 (base 12) to base 9.
-53
Convert -5 (base 7) to base 2.
-101
Convert -7 (base 13) to base 16.
-7
Convert -32 (base 9) to base 5.
-104
Convert 48 (base 12) to base 3.
2002
What is 6a (base 11) in base 4?
1030
Convert -1000010 (base 2) to base 16.
-42
1 (base 5) to base 8
1
Convert -4 (base 10) to base 12.
-4
Convert -1 (base 3) to base 2.
-1
What is 11 (base 3) in base 8?
4
-64 (base 7) to base 3
-1201
-8 (base 9) to base 16
-8
What is 5 (base 16) in base 8?
5
What is -65 (base 8) in base 2?
-110101
-10 (base 10) to base 5
-20
Convert 0 (base 2) to base 9.
0
What is -7 (base 15) in base 10?
-7
Convert -2 (base 10) to base 2.
-10
3 (base 11) to base 16
3
-d (base 14) to base 2
-1101
250 (base 8) to base 12
120
What is 4 (base 16) in base 14?
4
Convert 107 (base 10) to bas